{"id":701,"date":"2020-06-12T12:49:17","date_gmt":"2020-06-12T12:49:17","guid":{"rendered":"https:\/\/www.digestivolarice.it\/il-larice\/"},"modified":"2020-09-16T16:09:41","modified_gmt":"2020-09-16T14:09:41","slug":"le-meleze","status":"publish","type":"page","link":"https:\/\/www.digestivolarice.it\/fr\/le-meleze\/","title":{"rendered":"Le m\u00e9l\u00e8ze \u2013 Larix decidua"},"content":{"rendered":"\n  <div id=\"page-header-1710966491\" class=\"page-header-wrapper\">\n  <div class=\"page-title light divided-title\">\n\n    \n    <div class=\"page-title-inner container align-center text-center flex-row-col medium-flex-wrap\" >\n              <div class=\"title-wrapper flex-col\">\n          <h1 class=\"entry-title mb-0\">\n            Le m\u00e9l\u00e8ze \u2013 Larix decidua          <\/h1>\n        <\/div>\n                    <div class=\"title-content flex-col\">\n        <ul class=\"nav sm-touch-scroll nav-line nav-uppercase text-center nav-center\"><li class=\"nav-single-page hidden\"><\/li><\/ul>      <\/div>\n    <\/div>\n\n       <\/div>\n  <div class=\"container header-wrapper-divider\"><hr\/><\/div>  <\/div>\n  \n\n<div class=\"row\"  id=\"row-195308959\">\n\n\n\t<div id=\"col-1628970448\" class=\"col medium-6 small-12 large-6\"  >\n\t\t\t\t<div class=\"col-inner\"  >\n\t\t\t\n\t\t\t\n\n\t<div class=\"img has-hover x md-x lg-x y md-y lg-y\" id=\"image_758078270\">\n\t\t\t\t\t\t\t\t<div class=\"img-inner dark\" >\n\t\t\t<img loading=\"lazy\" decoding=\"async\" width=\"500\" height=\"765\" src=\"https:\/\/i0.wp.com\/www.digestivolarice.it\/wp-content\/uploads\/2020\/07\/larice.jpg?fit=500%2C765&amp;ssl=1\" class=\"attachment-large size-large\" alt=\"\" srcset=\"https:\/\/i0.wp.com\/www.digestivolarice.it\/wp-content\/uploads\/2020\/07\/larice.jpg?w=500&amp;ssl=1 500w, https:\/\/i0.wp.com\/www.digestivolarice.it\/wp-content\/uploads\/2020\/07\/larice.jpg?resize=246%2C376&amp;ssl=1 246w, https:\/\/i0.wp.com\/www.digestivolarice.it\/wp-content\/uploads\/2020\/07\/larice.jpg?resize=261%2C400&amp;ssl=1 261w\" sizes=\"auto, (max-width: 500px) 100vw, 500px\" \/>\t\t\t\t\t\t\n\t\t\t\t\t<\/div>\n\t\t\t\t\t\t\t\t\n<style>\n#image_758078270 {\n  width: 100%;\n}\n<\/style>\n\t<\/div>\n\t\n\n\n\t\t<\/div>\n\t\t\t\t\t<\/div>\n\n\t\n\n\t<div id=\"col-687593153\" class=\"col medium-6 small-12 large-6\"  >\n\t\t\t\t<div class=\"col-inner\"  >\n\t\t\t\n\t\t\t\n\n<p>Le m\u00e9l\u00e8ze est le conif\u00e8re le plus r\u00e9pandu dans le haut Val Chisone. L\u2019\u00e9pith\u00e8te \u00ab decidua \u00bb vient du latin \u00ab deciduum \u00bb (qui tombe) et indique la particularit\u00e9 du m\u00e9l\u00e8ze, qui perd ses feuilles \u00e0 la venue de l\u2019hiver, contrairement aux autres conif\u00e8res autochtones. Cette caract\u00e9ristique lui permet de mieux r\u00e9sister au froid.<br \/>Appr\u00e9ci\u00e9 depuis toujours pour les travaux de menuiserie, notamment d\u2019ext\u00e9rieur, le bois de m\u00e9l\u00e8ze dure longtemps, est solide et poss\u00e8de une belle couleur rouge intense.<br \/>C\u2019est un arbre qui transmet une sensation de confiance et de s\u00e9curit\u00e9, en raison aussi bien de son caract\u00e8re imposant que pour ses diff\u00e9rents emplois. Le m\u00e9l\u00e8ze n\u2019\u00e9tait pas qu\u2019un mat\u00e9riau de construction, car il s\u2019agissait \u00e9galement d\u2019une pharmacie spontan\u00e9e et naturelle. De nombreuses propri\u00e9t\u00e9s curatives lui sont reconnues d\u00e8s l\u2019antiquit\u00e9, gr\u00e2ce aux qualit\u00e9s nobles de sa s\u00e8ve et de sa r\u00e9sine.<br \/>Les extraits de l\u2019arbre, en effet, \u00e9taient utilis\u00e9s dans le cadre de la m\u00e9decine populaire pour une vaste gamme de traitements, fournissant au fil des g\u00e9n\u00e9rations un produit tr\u00e8s important \u00e0 des fins th\u00e9rapeutiques utiles, voire essentielles, pour la survie des montagnards, contraints \u00e0 des rythmes de vie tr\u00e8s durs. \u00c0 l\u2019\u00e9poque, l\u2019extrait de m\u00e9l\u00e8ze \u00e9tait tellement pr\u00e9cieux qu\u2019on l\u2019appelait \u00ab l\u2019or vert \u00bb !<br \/>Parmi les pr\u00e9parations les plus r\u00e9pandues, celles pour soigner ou soulager les troubles de l\u2019appareil gastro-intestinal : des \u00e9tudes scientifiques r\u00e9centes soulignent les vertus probiotiques des extraits de m\u00e9l\u00e8ze, qui favorisent le d\u00e9veloppement de la flore bact\u00e9rienne, r\u00e9gularisent le transit intestinal, stimulent la s\u00e9cr\u00e9tion biliaire et r\u00e9duisent la concentration des agents pathog\u00e8nes. En tant que probiotiques, les pr\u00e9parations \u00e0 base de m\u00e9l\u00e8ze aident aussi \u00e0 moduler le syst\u00e8me immunitaire.<\/p>\n<a href=\"\/fr\/la-seve-et-la-resine\/\" class=\"button primary\"  style=\"border-radius:10px;\">\n    <span>La s\u00e8ve, la r\u00e9sine et la chlorophylle<\/span>\n  <\/a>\n\n\n\n\t\t<\/div>\n\t\t\t\t\t<\/div>\n\n\t\n\n<\/div>\n\n","protected":false},"excerpt":{"rendered":"","protected":false},"author":1,"featured_media":0,"parent":0,"menu_order":7,"comment_status":"closed","ping_status":"closed","template":"","meta":{"footnotes":""},"class_list":["post-701","page","type-page","status-publish","hentry"],"jetpack_sharing_enabled":true,"_links":{"self":[{"href":"https:\/\/www.digestivolarice.it\/fr\/wp-json\/wp\/v2\/pages\/701","targetHints":{"allow":["GET"]}}],"collection":[{"href":"https:\/\/www.digestivolarice.it\/fr\/wp-json\/wp\/v2\/pages"}],"about":[{"href":"https:\/\/www.digestivolarice.it\/fr\/wp-json\/wp\/v2\/types\/page"}],"author":[{"embeddable":true,"href":"https:\/\/www.digestivolarice.it\/fr\/wp-json\/wp\/v2\/users\/1"}],"replies":[{"embeddable":true,"href":"https:\/\/www.digestivolarice.it\/fr\/wp-json\/wp\/v2\/comments?post=701"}],"version-history":[{"count":7,"href":"https:\/\/www.digestivolarice.it\/fr\/wp-json\/wp\/v2\/pages\/701\/revisions"}],"predecessor-version":[{"id":1167,"href":"https:\/\/www.digestivolarice.it\/fr\/wp-json\/wp\/v2\/pages\/701\/revisions\/1167"}],"wp:attachment":[{"href":"https:\/\/www.digestivolarice.it\/fr\/wp-json\/wp\/v2\/media?parent=701"}],"curies":[{"name":"wp","href":"https:\/\/api.w.org\/{rel}","templated":true}]}}

Le mélèze – Larix decidua

<div id="page-header-1710966491" class="page-header-wrapper">
  <div class="page-title light divided-title">

    
    <div class="page-title-inner container align-center text-center flex-row-col medium-flex-wrap" >
              <div class="title-wrapper flex-col">
          <h1 class="entry-title mb-0">
            Le mélèze – Larix decidua          </h1>
        </div>
                    <div class="title-content flex-col">
        <ul class="nav sm-touch-scroll nav-line nav-uppercase text-center nav-center"><li class="nav-single-page hidden"></li></ul>      </div>
    </div>

       </div>
  <div class="container header-wrapper-divider"><hr/></div>  </div>
  

<div class="row"  id="row-195308959">


	<div id="col-1628970448" class="col medium-6 small-12 large-6"  >
				<div class="col-inner"  >
			
			

	<div class="img has-hover x md-x lg-x y md-y lg-y" id="image_758078270">
								<div class="img-inner dark" >
			<img loading="lazy" decoding="async" width="500" height="765" src="https://i0.wp.com/www.digestivolarice.it/wp-content/uploads/2020/07/larice.jpg?fit=500%2C765&amp;ssl=1" class="attachment-large size-large" alt="" srcset="https://i0.wp.com/www.digestivolarice.it/wp-content/uploads/2020/07/larice.jpg?w=500&amp;ssl=1 500w, https://i0.wp.com/www.digestivolarice.it/wp-content/uploads/2020/07/larice.jpg?resize=246%2C376&amp;ssl=1 246w, https://i0.wp.com/www.digestivolarice.it/wp-content/uploads/2020/07/larice.jpg?resize=261%2C400&amp;ssl=1 261w" sizes="auto, (max-width: 500px) 100vw, 500px" />						
					</div>
								
<style>
#image_758078270 {
  width: 100%;
}
</style>
	</div>
	


		</div>
					</div>

	

	<div id="col-687593153" class="col medium-6 small-12 large-6"  >
				<div class="col-inner"  >
			
			

<p>Le mélèze est le conifère le plus répandu dans le haut Val Chisone. L’épithète « decidua » vient du latin « deciduum » (qui tombe) et indique la particularité du mélèze, qui perd ses feuilles à la venue de l’hiver, contrairement aux autres conifères autochtones. Cette caractéristique lui permet de mieux résister au froid.<br />Apprécié depuis toujours pour les travaux de menuiserie, notamment d’extérieur, le bois de mélèze dure longtemps, est solide et possède une belle couleur rouge intense.<br />C’est un arbre qui transmet une sensation de confiance et de sécurité, en raison aussi bien de son caractère imposant que pour ses différents emplois. Le mélèze n’était pas qu’un matériau de construction, car il s’agissait également d’une pharmacie spontanée et naturelle. De nombreuses propriétés curatives lui sont reconnues dès l’antiquité, grâce aux qualités nobles de sa sève et de sa résine.<br />Les extraits de l’arbre, en effet, étaient utilisés dans le cadre de la médecine populaire pour une vaste gamme de traitements, fournissant au fil des générations un produit très important à des fins thérapeutiques utiles, voire essentielles, pour la survie des montagnards, contraints à des rythmes de vie très durs. À l’époque, l’extrait de mélèze était tellement précieux qu’on l’appelait « l’or vert » !<br />Parmi les préparations les plus répandues, celles pour soigner ou soulager les troubles de l’appareil gastro-intestinal : des études scientifiques récentes soulignent les vertus probiotiques des extraits de mélèze, qui favorisent le développement de la flore bactérienne, régularisent le transit intestinal, stimulent la sécrétion biliaire et réduisent la concentration des agents pathogènes. En tant que probiotiques, les préparations à base de mélèze aident aussi à moduler le système immunitaire.</p>
<a href="/fr/la-seve-et-la-resine/" class="button primary"  style="border-radius:10px;">
    <span>La sève, la résine et la chlorophylle</span>
  </a>



		</div>
					</div>

	

</div>
